4*b + 2*i - 96 = 0, -3*b + b + 32 = 5*i. What is the remainder when b is divided by s?
2
Let d = 56 - 35. Suppose -6*r + 483 = 9. What is the remainder when r is divided by d?
16
Suppose 0 = -q + 31 + 17. Suppose 22*s - 94 = 456. Calculate the remainder when q is divided by s.
23
Let m(u) = 2*u - u**2 + 19*u - 4 + 13 - 3*u. What is the remainder when 17 is divided by m(18)?
8
Suppose -10*i - 1260 = -28*i. What is the remainder when 135 is divided by i?
65
Suppose -10*y - 90 = -550. Calculate the remainder when 916 is divided by y.
42
Suppose 360 = -5*u - 5*r, -147 = -4*u + 6*u + 5*r. Let y = u + 90. Calculate the remainder when (-2)/(-7) - 514/(-14) is divided by y.
18
Let w(q) = -q**3 - 7*q**2 - 5*q + 8. Let b be w(-6). What is the remainder when (-2)/(b/4 - 1) is divided by 10/(-40) - (-26)/8 - -1?
0
Suppose -3*t - 11*a + 1125 = -9*a, -2*a - 760 = -2*t. What is the remainder when t is divided by 73?
12
Let p(v) = -9*v - 3. Let g be p(-3). Suppose 5*n + 4*y - 34 = 0, 8 + g = 4*n + 2*y. Let u = 113 - 64. Calculate the remainder when u is divided by n.
9
Let t = -185 + 132. Let o = t - -55. Suppose -2 = -3*x + 4. Calculate the remainder when o is divided by x.
0
Let y(h) = h**3 - 11*h**2 - 43*h + 14. Let k be y(14). What is the remainder when 24 is divided by 25/(-10)*(-4 + k)?
4
Let k be (-14)/(-140) + (-19)/(-10). Suppose k*j - 5*s - 4 = 6, -j + 18 = 4*s. Calculate the remainder when 49 is divided by j.
9
Let c(s) = -s**3 + 14*s**2 + 4*s - 69. What is the remainder when c(13) is divided by 52?
48
Let g = -19 - -49. Let b = 251 - 162. What is the remainder when b is divided by g?
29
Suppose 3*v + 12*g - 14*g - 15 = 0, 10 = 2*v - 2*g. Let h(j) = -117*j - 1. Let l be h(-1). Suppose -l = -v*s + s. What is the remainder when 57 is divided by s?
28
Suppose 21 = 5*m - 84. Let j be -3*-1*(-1 + -1). Calculate the remainder when 8/6*(-279)/j is divided by m.
20
Let g(r) = 5*r. Let i be g(1). Suppose 5*s - 370 = 105. Calculate the remainder when s/4 - i/(-20) is divided by 9.
6
Suppose 0 = -25*r + 24*r - 4, -3*j + 65 = 4*r. What is the remainder when 309 is divided by j?
12
Let p(f) = 2*f - 3. Let y be p(4). Suppose 3*r - 5*w = 22 - 8, y*r = -3*w - 22. Let i = 5 + r. What is the remainder when 3 is divided by i?
0
Let b = -189 + 223. What is the remainder when b is divided by 9?
7
Let p(z) = -z**3 - 9*z**2 - 9*z + 6. Suppose 4*i = 3*s - 87, 34 = -3*s + 5*i + 124. What is the remainder when s is divided by p(-8)?
11
Let w = 1081 + -1063. Calculate the remainder when 22 is divided by w.
4
Suppose 164 = 5*d - 36. Let i(z) = -45*z + 9. Let g be i(-4). Calculate the remainder when d is divided by 3/(-4) - g/(-12).
10
Suppose 2*o + k - 4 = 6*k, -3*o + 31 = 5*k. Let a = -144 + 176. What is the remainder when a is divided by o?
4
Suppose 5*w - 2 = 8. Suppose -2*y - 7 = -g, -3*g + 16 = -3*y - w. Suppose -a = g*s - 9, -3*s + 3*a + 13 - 4 = 0. Calculate the remainder when s is divided by 1.
0
Let z be -10 - (6*-1 - -4). Let b = 43 - z. Calculate the remainder when b is divided by 18.
15
Suppose 4*n + 5 - 28 = -3*t, 5*t + 4*n - 25 = 0. Suppose -13 = -3*s - 1. Suppose -5 = -f - s*f. What is the remainder when f is divided by t?
0
Let x = 16 - -125. Calculate the remainder when x is divided by -6*(-8)/6*(-96)/(-16).
45
Suppose 5*c - 188 - 447 = 0. Let o = c - 115. Calculate the remainder when 33 is divided by o.
9
Let y(z) = 6 + 2*z - 3 - 10. Let o(t) = t**2 + 4*t + 5. Calculate the remainder when o(-5) is divided by y(5).
1
Let w = 18 + -9. What is the remainder when (434/(-6))/(273/(-234)) is divided by w?
8
Suppose -1465 + 295 = 2*y - 4*x, 3*x + 1170 = -2*y. Calculate the remainder when 6/42 + y/(-21) is divided by 4.
0
Let u(z) = -z**3 + 7*z**2 - 11*z + 14. Let y be u(6). Let r = 7 - y. Calculate the remainder when 60 is divided by r.
14
Suppose -12*w - 44 = -332. Calculate the remainder when 2/9 + (-3627)/(-81) is divided by w.
21
Suppose -w + 0*w = 2*q - 22, 2*q - 22 = -3*w. Let h(p) = p + 20. Calculate the remainder when h(0) is divided by q.
9
Suppose -2*z + 5*w + 53 = 2*w, 3*z + 3*w - 102 = 0. Calculate the remainder when z is divided by -2*34*(-2)/8.
14
Let t(d) = -2*d**3 + 7*d**2 - 2*d**3 - 12 + 6*d**3 + 12*d - 3*d**3. What is the remainder when 33 is divided by t(8)?
13
Suppose v - 3*o - 32 = 0, -v - 78 = -5*v + 2*o. Let x be (-3)/(-1 + 3/(-6)). Suppose 37 = x*t - v. Calculate the remainder when 51 is divided by t.
24
Suppose -o + 82 = -3*o. Let a = o + 90. What is the remainder when a is divided by (-2 - 6*4)/(-2)?
10
Let t(n) = 2 - 1 - 3*n + 4*n + n. Calculate the remainder when 12 is divided by t(3).
5
Suppose 2*x + l + 0*l = 9, 18 = x + 5*l. Suppose 0*z + 115 = -5*z + 5*a, -76 = x*z + 4*a. Calculate the remainder when 26 is divided by (-16)/z - (-25)/3.
8
Suppose -2*b + 9 = 5*i, 0 = -3*b - 2*i - 3*i + 26. Calculate the remainder when 1134 is divided by b.
12
Suppose -f = 2*x - 253, 0 = -0*x - x - 2*f + 128. What is the remainder when (x - -1) + -9 + 12 is divided by 33?
31
Suppose 3*g = 47 + 37. Suppose 0 = 15*o - 2*o - 1781. Calculate the remainder when o is divided by g.
25
Suppose -5*b + 2*o + 310 = 0, -4*b - o + 248 = 2*o. Let d = 10 + b. What is the remainder when d is divided by -5 - 5/(10/(-48))?
15
Let l be (-4)/12 + 43/3. Let a be (-3982)/(-77) - (-4)/l. Suppose 36 + a = 5*q + 3*i, 86 = 5*q + i. Calculate the remainder when 67 is divided by q.
16
Suppose -2*x + 19 = 9. Let l be x/(10/28)*5. Let y = l - 42. Calculate the remainder when 83 is divided by y.
27
Let m = 112 - 41. Suppose -2*u + 5 = -5. Suppose 2*w = u*v + 20, -4*w + v = -74 + 16. Calculate the remainder when m is divided by w.
11
Let p be (-4 - -4)*(2 + -1). What is the remainder when 13 - (4 + p + -6) is divided by 10?
5
Suppose 0 = -5*p - 17*p + 11858. Calculate the remainder when p is divided by 60.
59
Suppose -5*f = 10 - 90. Calculate the remainder when 27 is divided by f.
11
Let w be 216/15 - 10/25. Suppose w = f - 5*q, 4*f - 107 = q + 2*q. What is the remainder when 86 is divided by f?
28
Let c = -150 + 154. Suppose -33 = -n + c*a, 2*n + 2*a + 5 = 31. Calculate the remainder when 80 is divided by n.
12
Suppose -4*s = 5*y - 50, -38 + 8 = -3*y + s. What is the remainder when (-9 + y)*13*-1*-3 is divided by 14?
11
Suppose -3*v - 18 + 3 = 0. Let n = -9 - v. What is the remainder when 14 is divided by (-5)/(n + 3 - 0)?
4
Suppose -508 - 3068 = -12*i. What is the remainder when i is divided by 30?
28
Let a be 1*(1 - 48/4). Let y = 52 + a. Calculate the remainder when y is divided by 11.
8
Let q be 0 - (-89)/2*(18 + -6). Suppose -g = g - q. What is the remainder when g is divided by 27?
24
Let c(d) = d**3 - 15*d**2 + 18*d + 3. Let r be c(14). Suppose -4*g = 4*z - 85 - r, z = -3. Calculate the remainder when 76 is divided by g.
37
Suppose 0 = -4*z + 91 - 23. What is the remainder when (-58)/(-290) + (-638)/(-10) is divided by z?
13
Suppose -2*c - 3 = 27. Let v be (-3)/c + 804/(-20). Let j = v - -61. Calculate the remainder when 82 is divided by j.
19
Let l(p) = 4*p**2 + 2*p - 5. Let v(i) = i - 4*i**2 + 0*i - i**2 - 3*i + 6. Let f(m) = -6*l(m) - 5*v(m). What is the remainder when 8 is divided by f(3)?
2
Suppose -3*b + 1 + 53 = 0. Let d = -181 + 232. What is the remainder when d is divided by b?
15
Let i(v) = v**2 - 16*v + 3. Let w be i(12). Let y = w - -100. What is the remainder when y is divided by 19?
17
Let v = -52 - -42. Let p(y) = 4*y**2 + y - 3. Calculate the remainder when (282/10)/((-2)/v) is divided by p(3).
33
Let b(u) be the second derivative of u**5/20 + 7*u**4/12 + 3*u**3/2 - 9*u**2/2 + 15*u. Calculate the remainder when 17 is divided by b(-4).
2
Let t = -43 - -47. Suppose 0 = -t*u + u + 42. Calculate the remainder when 55 is divided by u.
13
Let t(u) = -u**2 - 2*u + 10. Let a = -28 - -28. Suppose a = 6*y - 5*y. Calculate the remainder when 18 is divided by t(y).
8
Suppose 7*b - 316 - 587 = 0. Calculate the remainder when b is divided by 34.
27
Let f = -813 + 929. Calculate the remainder when f is divided by 17.
14
Let l = -3 + 4. Suppose c - k - 65 = 2*k, -c + 5*k = -65. Calculate the remainder when c is divided by l/4 - -134*4/32.
14
Suppose 0 = 2*t + 2, -2*t = -s - 3*s + 82. What is the remainder when 58 is divided by s?
18
Let x = -25 - 16. Let c = x + 61. Suppo